Suppose f - x - 10 = 5, -5*x = -3*f + 51. Suppose -518 = -f*u + 202. Calculate the highest common divisor of 160 and u.
20
Let p be ((-2394)/(-168))/(6/872). What is the greatest common divisor of p and 38?
19
Let a = 57 - 73. Let c(j) = -5*j - 60. Let o be c(a). Let n be ((-6)/(-4))/((-3)/(-16)). Calculate the greatest common divisor of n and o.
4
Suppose -61*j + 97 = -25. Suppose -6 = -2*w - 2*i, -4*i = -2*w + i - 1. Let z be 0 + (-1)/(w - 3). What is the greatest common divisor of j and z?
1
Suppose 2*a + 7 = -g + 3*a, 5*g - 4*a = -40. Let f be (g/(-9))/((-8)/(-174)). Calculate the greatest common factor of f and 58.
29
Let w(f) = -f - 14. Let l be w(-16). Suppose 2*n = 4*h - 190, 4*h - l*n - 210 = -4*n. What is the greatest common factor of 170 and h?
10
Suppose -6*v - 2496 = -45*v. What is the greatest common factor of 448 and v?
64
Let a = 110 + -104. Let w be ((-3)/a)/((-1)/2)*28. Let x be (120/35)/(2/w). Calculate the highest common divisor of x and 36.
12
Suppose 7*j = 2700 + 6050. What is the greatest common factor of 150 and j?
50
Suppose 4*f + 108 - 388 = 4*z, -f + 5*z = -82. Suppose 0 = f*y - 70*y + 246. Calculate the greatest common factor of 41 and y.
41
Let v(p) = -4*p**3 + 5*p**2 + 2*p - 3. Let y be v(2). Let a be (-5 - y)*4*(-4)/(-6). What is the greatest common divisor of 36 and a?
4
Let r = 32 + -27. Let l be 2/(((-1 - r)/(-3))/(-4)). Let k be -12*2/l*2. Calculate the highest common divisor of k and 12.
12
Suppose 325*j - 349*j + 2208 = 0. Calculate the highest common divisor of j and 115.
23
Suppose 31*o = 35*o - 260. Suppose n - 4*z - o + 18 = 0, -5*z = -5*n + 250. What is the greatest common divisor of n and 255?
51
Suppose 13*p - 12726 = -9476. What is the greatest common divisor of 4 and p?
2
Let s be 18/63 + 4*(-3274)/(-28). Let r = s + -332. What is the greatest common factor of r and 102?
34
Suppose 5*z = -3*v + 413, -2*z + 5*v - 320 = -6*z. Calculate the greatest common factor of z and 68.
17
Suppose -232 = -3*x - 82. Let b be 6 - 4 - (1 + -2). Suppose 0 = -5*t + b*t + 250. Calculate the highest common factor of t and x.
25
Suppose 246*j - 24165 = -8321 + 15644. Calculate the greatest common divisor of j and 16.
16
Let q be ((-10542)/2259)/(2/(-45)). Let g be 2 - (1/1 - 0). Let r be 32 - 1*2/g. Calculate the greatest common divisor of q and r.
15
Let a be (28/(-14 - -10) + (-373 - 0))/(-1). Calculate the highest common divisor of 1780 and a.
20
Let v be -4*(30/(-75) - (-6)/(-10)). Suppose -16 = 5*b + v, -4*i + b = -468. What is the highest common factor of i and 29?
29
Let a(g) = g**3 + 38*g**2 + 165*g + 4. Let p be a(-33). What is the highest common divisor of p and 1172?
4
Let u be (-271)/(-5420) - (-4198)/40. What is the greatest common divisor of u and 805?
35
Let y be (-22222)/(-10) + (-31)/527 + (-146)/(-170). Calculate the highest common divisor of 1881 and y.
171
Let d = -68 + 63. Let x(n) = -191*n + 15. Let c be x(d). Suppose 0 = z + 5*k - 290, -c = -3*z + 3*k + 2*k. Calculate the greatest common divisor of 35 and z.
35
Let j be (-3 - (-3)/(1*-12))*-52. Let p = 93 - j. Let k = -16 - p. Calculate the greatest common factor of 30 and k.
30
Let a be (5974/(-6))/((286/78)/(-11)). What is the greatest common divisor of a and 1339?
103
Let g(n) = -158*n - 11322. Let x be g(-99). Calculate the greatest common factor of 5 and x.
5
Let u(c) = -946*c + 8. Let f be u(1). Let h = -898 - f. What is the highest common divisor of 45 and h?
5
Let d = -45 + 45. Suppose d = 5*n + 4*u - 370, 44 = -4*n + u + 319. Calculate the highest common divisor of n and 40.
10
Let h be 2613/8 + (-210)/(-560). What is the highest common divisor of 9 and h?
3
Suppose -2*a - 56 = -2*p, 0*p + 32 = -a - 3*p. Let v = a + 39. Suppose -i - 54 = -v*i. Calculate the greatest common divisor of 18 and i.
6
Let c(l) = -3*l**3 - 51*l**2 + 73*l + 1279. Let f be c(-17). Let p = 106 - 356. Let v = 516 + p. What is the greatest common divisor of f and v?
38
Suppose -2*t + 294 = n, -3*n + 8*n - 4*t - 1428 = 0. What is the highest common divisor of n and 18288?
144
Suppose 3*t - 8*t = -30. Suppose -t*s + 156 = 36. Suppose 3*h = -5*n + 25, 0 = 5*h - 10*h + n + 23. Calculate the greatest common divisor of h and s.
5
Let o = -166 + 119. Let z = o - -51. Let b be (-7)/112*4 - (-105)/z. Calculate the greatest common factor of b and 2.
2
Let i = -6579 - -6615. What is the highest common divisor of 732 and i?
12
Let h be -4*2/(-12) + 340/30. Suppose -h*d + 34*d - 924 = 0. What is the highest common divisor of 42 and d?
42
Let h(q) = -37*q + 27. Let u be h(-5). Suppose -216*i + 240 = -u*i. Suppose w = -4*a + 43, 5 - 14 = -2*a - 3*w. Calculate the highest common divisor of a and i.
12
Suppose 2*r + 0 = 6, -3*u + 5*r = -465. Let z = u - -10. What is the greatest common factor of 68 and z?
34
Suppose 0 = 5*n - 23 - 31 - 6. What is the highest common divisor of 148 and n?
4
Let v be 24/(-32) - (48/32 + 37482/(-8)). Calculate the highest common factor of v and 35.
7
Suppose -4*r + 415 = -225. Suppose 0 = -j, 0*h - h - h = -3*h + 3*j + 120. What is the greatest common factor of h and r?
40
Suppose 4*u - 16 = 4*q, 16 = 5*q - 4*u + 8*u. Let r be (-3 + q)/((-6)/64). What is the highest common factor of 12 and r?
4
Suppose 12 = -2*c, 3*y + 16 = -3*c + 142. Let q(g) = g**3 + 3*g**2 - g - 3. Let x be q(7). What is the greatest common factor of y and x?
48
Let z = -75 - -69. Let p be 6 + z + 1 + 2. Suppose p*o = 3*r - 57, o + 46 = 4*r + 3*o. What is the highest common divisor of 126 and r?
14
Let v(o) = -o**3 - 16*o**2 + 28*o - 138. Let q be v(-18). Let k(c) = 2*c. Let y be k(2). Let z = -1 + y. What is the highest common factor of z and q?
3
Let n = 58 + -35. Suppose 114 = -t + 5*m - 89, -5*t - 931 = -4*m. Let s = 367 + t. Calculate the greatest common divisor of n and s.
23
Let k(x) = x**3 - 4*x**2 - 2*x + 2. Let o be k(6). Let h = -1161 - -1750. What is the greatest common divisor of h and o?
31
Suppose 0 = 82*u - 115 + 33. Let k(b) be the third derivative of 11*b**6/120 + b**5/60 - b**2. Let g be k(u). What is the greatest common factor of 60 and g?
12
Let q(w) = -w - 14. Let d be q(-12). Suppose 0 = 19*g + 1060 - 661. Let b be 4*(-3 + g/d). Calculate the greatest common factor of b and 45.
15
Suppose -k = -2*k + y - 116, 2*k = -y - 244. Let z = k + 172. Calculate the highest common divisor of 13 and z.
13
Let z = -475 - -699. Let w = -179 + z. Calculate the highest common divisor of w and 30.
15
Let q(a) = 273*a - 1527. Let l be q(6). What is the greatest common divisor of 3256 and l?
37
Let u(b) = 3*b**2 + 3*b - 13. Let w be u(-8). Let i(d) = 10*d - 8. Suppose 0 = -z + 8 - 1. Let y be i(z). What is the greatest common divisor of y and w?
31
Let w(j) = 142*j + 2. Let d be w(2). Let c(p) = 2*p**2 + 197*p - 662. Let m be c(-102). Calculate the greatest common divisor of m and d.
26
Let v be (40/(-70))/2 + 5976/(-7). Let r = v + 1001. Calculate the greatest common divisor of 98 and r.
49
Let t be 2/((-16)/(-4972)) - (1 - (-15)/6). What is the highest common factor of 24 and t?
6
Let y be ((245/(-15))/7)/(2/(-12)). Suppose 0 = y*j - 92 - 34. Calculate the highest common divisor of 324 and j.
9
Suppose 3*i = 3, 0 = 5*a - 0*i - i - 164. What is the greatest common factor of 93 and a?
3
Suppose 9 = 24*t - 279. Let q be ((-2)/(t/1215))/(15/(-30)). Calculate the greatest common divisor of 180 and q.
45
Let b = -7004 + 7152. Calculate the greatest common divisor of b and 1073.
37
Let d = -301 + 421. Let w = d - -204. Calculate the greatest common factor of w and 12.
12
Let w be 12566/(-515)*(2/2 - -4). Let t = -22 - w. Suppose 0 = 4*q + t - 724. What is the highest common divisor of q and 12?
12
Let n be (-1)/(9 + (4 - 8) + 301/(-60)). Calculate the highest common factor of n and 588.
12
Let w(k) = 7*k**2 + 13*k - 31. Let f be w(2). Suppose -129 = -u + 11. Suppose 10*g - u = 1010. Calculate the highest common divisor of g and f.
23
Let d = 84 - 18. Let o = -362 + 235. Let c = -83 - o. What is the highest common factor of c and d?
22
Let r be (2/7)/((-354)/(-3717)). Let c(m) = 6*m**3 - m**2 - 5*m + 3. Let s be c(3). What is the greatest common divisor of s and r?
3
Suppose -2*t + 2*k = -8, 3*k - 12 = -t - 4*t. Suppose t*j + 20 = 35, -4*n + 4*j = -2896. Calculate the highest comm